g. Calculate p(0).
16
Let a be (-1 - -1)/(-1) + (2 - 2). Suppose 2*u + 5*k - 66 + 26 = a, 0 = -2*u - 4*k + 38. Let n(b) = 5 + u + b - 20. Give n(-1).
-1
Let s(z) = -5*z - 80. Let o be s(-16). Let v(r) = -9*r + 2 + 8*r + o*r. Give v(-4).
6
Let t(f) = 10*f**3 + f**2 - 2*f - 2. Let d(b) = 2*b**2 + 65*b + 86. Let i be d(-31). Let j be 7 - (12 + 28/i). Give t(j).
-9
Let k(x) = -2*x**2 + 4*x - 3. Suppose 46*t = 2780 - 2734. Give k(t).
-1
Let a(b) be the third derivative of -5*b**4/24 - 4*b**3 - 12*b**2. Let h(y) = 12 - 7*y + 4*y + 6*y. Let w(o) = 4*a(o) + 7*h(o). Calculate w(9).
-3
Let x = 26744 + -26736. Let p(i) = -i**3 + 7*i**2 - 2*i + 14. Calculate p(x).
-66
Let a = 1028 + -1578. Let y = -561 - a. Let r(f) = f**2 + 12*f + 10. What is r(y)?
-1
Let o(b) = -b**2 + 18*b + 107. Let q(x) = -x**3 + 31*x**2 + 268*x - 53. Let s be q(38). Calculate o(s).
-8
Suppose 62 = -2*s + 72. Let t(f) = -f**3 + 5*f**2 + 14 - 3*f - 10 + 9. Let q be t(s). Let x(z) = -3*z**2 - 3*z - 1. Give x(q).
-7
Let w = 11 + -9. Suppose -k = w*k - 18. Let m(h) = -4*h + 7*h**2 - 12 + 17 - 3*h - h**3 + 2*h. Determine m(k).
11
Let q(n) = 3*n**3 + 39*n**2 + 34*n + 25. Let f(k) = 2*k**3 + 26*k**2 + 22*k + 18. Let u(m) = 8*f(m) - 5*q(m). Determine u(-12).
91
Let m(o) = -4 - 1136*o - 43*o**2 + 1133*o + 47*o**2. Give m(4).
48
Let a(t) = t**2 + 21*t - 18. Let n = 7709 + -7732. What is a(n)?
28
Let q(t) = 3*t**2 - 52299 - t**2 - 4*t**2 - 25*t + 52290. Give q(-12).
3
Suppose -10 = 5*d + 5. Let o(y) = -7580*y + 4 + 15039*y - 7464*y. What is o(d)?
19
Let x(v) be the first derivative of 6*v**2 - 6*v - 1154. Calculate x(3).
30
Let s(q) = q**2 - 11*q + 11. Suppose 0 = 4*x - 9 + 29, -p - 4*x - 20 = 0. Suppose 4*b - 35 = -p*b - t, 3*t - 17 = -b. Calculate s(b).
-13
Let d(z) be the first derivative of 5*z**2/2 - 17*z - 1181. Give d(7).
18
Let l(w) = w**2 - w + 9. Suppose -2*u + 468 = -11*u. Let m = -49 - u. Suppose -m*d = -6*d. What is l(d)?
9
Suppose 0 = 50*y - 288*y - 97 - 379. Let q(k) be the third derivative of -k**5/30 - k**3/3 + k**2. Determine q(y).
-10
Suppose 0 = -4*i + 46 + 2. Let r(h) = -7*h + 28. Let l be r(3). Suppose l*u - i*u = -15. Let o(a) = -a + 3. Calculate o(u).
0
Let d(f) = -f**2 - 8*f + 12. Let o be d(-9). Suppose -7*x + 117 + 86 = 0. Let y(u) = -x + 5*u - 3*u - 3*u + 35. What is y(o)?
3
Let q(w) = -10 + 3 + w**2 - 2*w + 3*w. Suppose -5*h = -120*h - 54*h + 27*h. Determine q(h).
-7
Suppose -3*b - 37 + 223 = 0. Let l(w) = -64*w - 2 - 1 + b*w + 2. What is l(-4)?
7
Let k(r) = 12*r**3 - r**2 + 1. Let j = -31 - -28. Let s be 7 + (-3 - j - 3). Suppose n + s = -3*n. Determine k(n).
-12
Let p(g) = -3*g + 21. Suppose 4*s + 12*x - 15*x = 26, -2*s - x + 8 = 0. Give p(s).
6
Let s(b) = -53*b + 30*b - 28*b - 15*b. Let v(p) = -5*p. Let f(u) = 2*s(u) - 27*v(u). Let g be 5 + (-6)/3 + -6. Calculate f(g).
-9
Let f(d) = -4*d**2 + 42*d + 21. Let j(w) = 2*w**2 + 137*w + 11. Let m be j(0). Calculate f(m).
-1
Let t(r) be the second derivative of 9/2*r**2 + 1/20*r**5 - 10*r + 2 - 5/3*r**3 - 2/3*r**4. Calculate t(9).
0
Let r(b) = 16*b**2 - 78*b + 295. Let h(c) = 3*c**2 - 15*c + 56. Let o(l) = 22*h(l) - 4*r(l). Give o(8).
36
Let i(z) = 2*z**2 - 15*z + 10. Suppose -2*n = -2*h + 4, 3*n - h - 5 = n. What is i(n)?
3
Suppose -2*k + a + 68 = 0, -27*k + 5*a = -22*k - 180. Let m = -35 + k. Let x(g) = 0*g + g**3 - 1 - g + 3*g**2 + 0. Give x(m).
2
Let a(u) be the third derivative of 1/30*u**5 + 0 + 11/24*u**4 - 280*u**2 + 0*u + 5/3*u**3. Calculate a(-7).
31
Let q be -1 + (-4)/(-10) + 154/140. Let l(z) be the first derivative of -z - q*z**2 - 14. Calculate l(-1).
0
Let z(d) = d**3 + 10*d**2 + 10*d + 18. Let o be z(-9). Let f(x) = 2*x - 24. Let i be f(13). Let q(t) = t**i - 39*t - 8 - 31*t + 62*t. Give q(o).
1
Suppose j = -3*w + 4*j, 5*w - 3*j - 2 = 0. Let o(l) = -93*l + l**2 + w - 83*l + 179*l. Let h be o(-1). Let i(z) = -9*z - 1. What is i(h)?
8
Let o = 437 + -224. Suppose 2*q + 4*n = 128, -5*q + o + 89 = 4*n. Let t = q - 62. Let i(l) = 2*l + 6. Give i(t).
-2
Let u(f) = 0*f**3 + 716*f**2 + 22*f - 759*f**2 - 12 + 2*f**3 - 7. Give u(21).
2
Let l(f) = -60*f**2 - 77*f - 108. Let i(k) = -19*k**2 - 26*k - 36. Let v(z) = -19*i(z) + 6*l(z). Calculate v(-31).
5
Let d(s) = -3*s + 33 - s + 8*s + 2*s - 5*s. Determine d(10).
43
Let o(i) be the second derivative of -i**4/12 - i**3/2 + i**2 - 1445*i. Give o(0).
2
Suppose 0*r - 5*b + 18 = 4*r, -3*r - 5*b + 16 = 0. Suppose 0 = -10*s + 20. Let o(p) = -3*p + 3. Let h(d) = -3*d + 4. Let c(t) = s*h(t) - 3*o(t). Give c(r).
5
Let o be (-32)/24*(13 - 16). Let h(j) = -j**2 - 5*j + 27. Give h(o).
-9
Let j(v) = v**3 + 3*v**2 - 8*v + 1. Let i be j(2). Let z(f) = 3*f**2 - 13*f + 7. Calculate z(i).
17
Let m(d) = -d**3 - 16*d**2 + 15*d - 28. Let j(c) = -74*c + 3017. Let r be j(41). Give m(r).
6
Let p(u) = -u**2 - u - 3. Let o = -29 - -30. Let j be o + 6 + -16 + 6. Calculate p(j).
-9
Let x(o) = o**2 + 15*o - 152. Suppose 21*f - 125 + 121 = -466. Determine x(f).
2
Let y = -4736 - -4730. Let u(w) = -w - 2. Determine u(y).
4
Let n(i) = -248*i + 10422. Let x be n(42). Let s(u) = 15*u - 17. Determine s(x).
73
Suppose -2*u + 5 = -3*k + 12, 0 = 3*k - 4*u + 1. Let i(q) be the third derivative of q**4/24 - 2*q**3 - 5*q**2 - 5*q. Give i(k).
-7
Suppose -4*p + 9 = 5*u, -4*u - 1 = -2*p - 3. Suppose 1 = -2*t + 2*m + 3, -4*t - m + 9 = 0. Let q(c) = 5*c - t*c + 11*c - 3*c. What is q(u)?
11
Let k(m) = -m - 3. Suppose 3*x - 45 = -n - 4*n, -4*n - 3*x + 33 = 0. Let a = -266 + 269. Suppose a = -3*j - n. Give k(j).
2
Let k be -3*((-32)/(-6))/(-4). Suppose 0 = 5*j + 7 + 13, 3*j + 16 = 2*y. Let g(t) = 1366*t - 4 + 1 + t**y - 1371*t. Give g(k).
-7
Let c(t) be the first derivative of 3/2*t**2 + 2*t + 75. Suppose g = 2 - 0. Determine c(g).
8
Suppose 114 = -7*p - 91 + 247. Let w(r) = -r + 1. Let c(q) = q**2 - 10*q. Let b(i) = c(i) - 6*w(i). What is b(p)?
6
Suppose -20*h + 36 = -134 + 10. Let c(i) = i**3 - 7*i**2 + 6*i - 6. Calculate c(h).
106
Let u(a) be the first derivative of a**2/2 - 18*a + 1038. What is u(11)?
-7
Suppose -2*f = 4*c - 138, c - 5*f - 135 = -4*c. Suppose 0 = x + c - 23. Let v(g) = g**2 + 9*g + 7. Determine v(x).
7
Let n = 1 - 4. Let x = 9 + n. Let s(u) be the third derivative of u**5/60 - u**4/3 + 4*u**3/3 + 909*u**2 - 2*u - 1. Give s(x).
-4
Let n = 7 + -4. Let i(m) be the second derivative of m**4/12 + m**3/6 + m**2 + 991*m. Determine i(n).
14
Let w(k) = k**3 + 13*k**2 - 8*k**2 + 6*k**2 + 12*k**2 - 11 + 21*k. Let m be w(-22). Let i(b) = -b**2 + 6*b + 6. Calculate i(m).
-49
Let q = 78 - 44. Suppose 3*o + 22 = -5*b - 16, 0 = 5*b - o + q. Let z(u) = -4*u + 10 - 6*u**2 - 1 + 2*u**2 + 3*u**2. Determine z(b).
-12
Suppose 8*o - 35 = -3. Suppose o*d = -4, 3*d + d - 98 = -3*g. Let w = 40 - g. Let j(m) = m**2 - 7*m - 1. Calculate j(w).
-7
Let r(p) = 5*p + 171353056 + 0*p**3 - 5*p**3 - p**2 - 171353060. Calculate r(1).
-5
Suppose -j = 12*j - 130. Let z(h) = -840*h + 422*h + 415*h + 2. What is z(j)?
-28
Suppose 5*c + r - 4 = 57, -4 = -4*r. Let l(i) = i + 33. What is l(c)?
45
Let f(p) be the second derivative of 1/6*p**3 - 16*p - 4*p**2 + 1/24*p**4 + 0. Let u(l) be the first derivative of f(l). Determine u(1).
2
Let r(p) be the first derivative of -4*p**3/3 + 13*p**2/2 + 30*p + 3847. Calculate r(-2).
-12
Let w(j) = j**3 - j**2 - 2*j + 3. Suppose 0 = 2*k - 92 + 14. Let d = 36 - k. Let b be (22/(-6) - -3)*d. What is w(b)?
3
Let l(m) = 4*m**2 + 14*m + 17. Let s(r) = -7*r**2 - 11*r - 16. Let z(t) = -2*t**2 + t. Let g(y) = s(y) - 2*z(y). Let q(o) = 3*g(o) + 2*l(o). Calculate q(-8).
10
Let p(m) = -120 - 118 + 99 + 141*m**3 + 139. Determine p(1).
141
Let d be -2 + 0 + 1 + 3. Let l(n) = -4*n + d*n - 1 + 34*n**2 - 38*n**2. Suppose z + h = 3*z, -5 = 3*z + h. Give l(z).
-3
Let l(n) = n - 10. Suppose -2*j + 7 = c, -3931*c - 51 = -3936*c - 2*j. What is l(c)?
1
Let u be (-8736)/(-462) + (-1)/(-11). Let i(x) = x**2 - 21*x + 44. What is i(u)?
6
Let d(w) = -46*w**2 - 5*w + 21. Let k(q) = 29*q**2 + 3*q - 11. Let v(a) = 3*d(a) + 5*k(a). Give v(4).
120
Let n(g) = 79*g - 157. Let z = 8798 - 8796. Calculate n(z).
1
Let v be 5*((-8)/(-10) - 0). Let l(c) = -7*c + 4. Let r(a) be the first derivative of -16*a**2 + 17*a + 333. Let g(i) = 9*l(i) - 2*r(i). Determine g(v).
6
Let l(b) = -5*b**2 - 53 - 344887*b**3 + 54 + 344888*b**3 - 6*b + b. Le